 is divided by (2/6)/(((-70)/165)/(-14))?
8
Let n = 214 + -135. What is the remainder when n is divided by 16?
15
Let r(k) = -6*k - 178. Let b = -2 + 31. Calculate the remainder when b is divided by r(-31).
5
What is the remainder when 976/14 + (-42)/(-147) is divided by 20?
10
Suppose 5*g - 481 + 416 = 0. Calculate the remainder when g is divided by 6 - 1*(2 + -2).
1
Let v = 17 - -8. Suppose -99*y + 240 = -75*y. Let z = y + v. Calculate the remainder when z is divided by 9.
8
Suppose -14*d + 10*d = 0, 0 = 4*l - 4*d - 520. What is the remainder when l is divided by 10?
0
Suppose 24 = -40*w + 704. What is the remainder when 30 is divided by w?
13
Suppose -1050 = -15*j + 5*j. What is the remainder when j is divided by 16?
9
Let j be (-8 - -8)/((-1)/(-1)). Suppose 4*m + 5*g - 77 = -j*m, -g - 118 = -5*m. Suppose s - 85 = -17. Calculate the remainder when s is divided by m.
22
Let w(a) = a**2 - 3*a - 4. Let k be w(-4). Suppose 0 = -30*f + k*f + 120. What is the remainder when 54 is divided by f?
14
Let n be (-1090)/(-3) - -3 - 4/12. Calculate the remainder when 2/(-3)*n/(-4) is divided by 31.
30
Let f(p) = 17*p - 73. What is the remainder when f(11) is divided by 41?
32
Suppose -4*l = -l + 4*g - 22, 0 = -2*l - 2*g + 12. Suppose -l*t = -5*t. Suppose x - 2*x + 23 = t. Calculate the remainder when 91 is divided by x.
22
Let y = 6 + -1. Suppose 31 = -3*g - 3*s + 112, y*s = -3*g + 79. Let k = 109 + -55. What is the remainder when k is divided by g?
26
Let f(u) = 257*u - 236. What is the remainder when f(5) is divided by 30?
29
Let r be (-4)/(-2) - (-93 - 1). Let a = 232 + -228. Suppose -7*q = -a*q - r. Calculate the remainder when q is divided by 11.
10
Suppose 0*f - 10 = 5*f, -m - 3*f = -5. Let j(l) = l + 169. Let x be j(0). What is the remainder when 1/(-4) - x/(-4) is divided by m?
9
Calculate the remainder when 12 is divided by (-966)/(-210) - 2/(-5).
2
Let m be (-27254)/(-22) - 36/(-198). Suppose -11*p - m = -18*p. Calculate the remainder when p is divided by 15.
12
Suppose 14*h - 12*h = 10, 0 = 2*p - 3*h - 159. Calculate the remainder when p is divided by 25.
12
Suppose 2*o - 16*o + 224 = 0. Calculate the remainder when 125 is divided by o.
13
Let h = -39 - -73. Let m(d) = 108*d + 660. What is the remainder when h is divided by m(-6)?
10
Let i be 14/(-12) - (-4)/24. What is the remainder when 12 is divided by (-3 + -1 - -12) + i?
5
Suppose 3*i + 102 = g + 6*i, 0 = 5*g - 3*i - 492. What is the remainder when g is divided by 94?
5
Suppose h + 262 = 3*i, -h = 5*i - 5*h - 439. Suppose 9*w - i = 858. Calculate the remainder when w is divided by 12.
9
Suppose -2*b = -2*k, 0*b - 5*b = 3*k - 16. Suppose 1 = 5*h - 9. Suppose -3*n = -h*n - k, z - n - 43 = 0. What is the remainder when z is divided by 12?
9
Calculate the remainder when (-782)/(-5) - 152/380 is divided by 142.
14
Let p = 347 + -327. What is the remainder when p is divided by (0 - 18)/(-2) - 2?
6
Let f(a) = -a**3 - 6*a**2 - 4*a + 5. Let o be f(-4). Let y = 18 + o. Let w = -32 - -50. What is the remainder when w is divided by y?
4
Let c = -12 + 16. Suppose -3*u = -c*u + 99. Calculate the remainder when u is divided by ((-2)/(-3))/(4/150).
24
Let q(u) = 418*u - 29. Calculate the remainder when q(1) is divided by 39.
38
Let u = -1 + 0. Let f(b) be the first derivative of 49*b**3/3 + b + 34. Calculate the remainder when f(u) is divided by 13.
11
Let d = 456 - 428. What is the remainder when 191 is divided by d?
23
Suppose -p = -3*g + 257 + 58, 4*g + 3*p - 407 = 0. Calculate the remainder when g is divided by 36.
32
Suppose -z + 5*z - 127 = -x, -5*x = -z + 58. Let h be ((-120)/(-9))/(-1)*(-297)/(-12). What is the remainder when z is divided by (-4)/18 + (-7)/(189/h)?
9
Suppose 4*b + 29 = 113. Suppose 5*u = 2*u - b. Let w = u + 15. What is the remainder when 31 is divided by w?
7
Let c = 7 - 13. Let h = -3 - c. Suppose 2*q - 7*q - 4*k = -190, 4*q = h*k + 121. What is the remainder when q is divided by 9?
7
Let c = 4 - -5. Calculate the remainder when 532/6 + (-4)/6 is divided by 12/c*(-27)/(-2).
16
Let k be (-2 - (1 + -1)) + 6. Suppose 60 + 84 = k*t. Let u(p) = -3*p**2 - 17*p + 13. Calculate the remainder when t is divided by u(0).
10
Suppose -388 = -15*z + 497. Let v = 10 + -7. Calculate the remainder when v/12 - z/(-4) is divided by 4.
3
Let b(i) = -i - 2*i - 4 - 2*i**2 + 3*i**2. Let h = -1011 + 1065. Calculate the remainder when h is divided by b(6).
12
Suppose -464 = -8*w + 4*w. What is the remainder when (w/6)/((-1 + 6)/45) is divided by 44?
42
Let d(v) = -v**2 - 5*v + 2. Let o be d(-3). Suppose 4*r - o = 8. Calculate the remainder when 18 is divided by r.
2
Let j(n) = -6*n - 1. Let v be 2*3/(-2) + 2. Let h(b) = 6*b**2 - b. What is the remainder when h(v) is divided by j(-1)?
2
What is the remainder when 291 is divided by 3/18 + (-410)/(-60)?
4
Let k(s) = s + 8. Let h be (0/4)/(-5 - -1). What is the remainder when k(h) is divided by 4?
0
Suppose -5*d - m + 308 = 0, -5*d - 3*m + m + 306 = 0. Let t = d - 32. Calculate the remainder when t is divided by 8.
6
Let f = 151 - 56. Suppose 5*d + 4*l = -0*l + 108, 3*l = d - 33. Calculate the remainder when f is divided by d.
23
Suppose -43 - 127 = -5*l. What is the remainder when 162 is divided by l?
26
Suppose p = 2*c + 18, 5*p = -c + 19 + 16. Let f = 146 - 151. Let z = p - f. Calculate the remainder when 50 is divided by z.
11
Let f(y) = y**3 + 17*y**2 + 15*y + 6. Let o be f(-16). Suppose -2*b = -b - 4*h - o, 12 = -3*h. Calculate the remainder when -3*(-122)/b*1 is divided by 31.
30
Let n = 1306 - 1274. Calculate the remainder when 570 is divided by n.
26
Let m be (-30)/165 + 141/(-11). Let g = -84 - m. Let s = 108 + g. What is the remainder when s is divided by 10?
7
Let b be 5/1 + 3/(-3). Suppose i + b*i = 85. What is the remainder when i is divided by ((-9)/2)/(29/(-58))?
8
Let r = -23 - -27. Suppose 5 + r = w. Calculate the remainder when 34 is divided by w.
7
What is the remainder when (-520)/(-15)*3 + 5 is divided by 24?
13
Let c(t) = -t**3 - 33*t**2 + 64*t - 105. Calculate the remainder when 330 is divided by c(-35).
15
Let b(l) = 8*l + 306. What is the remainder when b(-24) is divided by 29?
27
Let j = 112 + -105. Let i = 103 + 57. Suppose -5*a + i = -0*a. What is the remainder when a is divided by j?
4
Let n(q) = -47*q - 48. Calculate the remainder when n(-6) is divided by 14.
10
Suppose 56 + 9 = 5*z. Calculate the remainder when 140 is divided by z.
10
Suppose -5*q = 4*c - 119, -2*c + 4*q + 25 = -15. Suppose 238 = 5*u - 3*l, -3*l = -u - 6*l + 44. What is the remainder when u is divided by c?
21
Let s = -68 + 139. Let j(m) = -17*m**2 - 30*m + 2. What is the remainder when s is divided by j(-1)?
11
Suppose 4*p + 4*g - 108 = 0, -33 = -3*p + 5*g + 8. What is the remainder when 78 is divided by p?
12
Let h = 89 + -83. Let b(w) = -4*w**2 + 26*w - 9. What is the remainder when 10/(-4)*(-18)/15 is divided by b(h)?
0
Let o(g) = 8*g - 6. Let p(c) = -c**3 - 11*c**2 - 5*c + 27. Let j be p(-9). Let f = 109 + j. Calculate the remainder when o(5) is divided by f.
15
Suppose 0 = t + 3*k - 33 - 14, -t + 3*k + 35 = 0. What is the remainder when t is divided by 29?
12
Let z = 536 - 317. Suppose 0 = -j - 85 + z. What is the remainder when (j/(-3))/((-4)/6) is divided by 17?
16
Let x = 492 - 440. Calculate the remainder when 149 is divided by x.
45
Let l = -19 + 31. Suppose -3*d + 1 = 2*v - 144, -2*d - v = -96. Calculate the remainder when d is divided by l.
11
Let r = 611 + -565. Calculate the remainder when 735 is divided by r.
45
Let w = -14 - -19. Suppose b + 5*t - 190 = w*b, 2 = t. Let l = -25 - b. What is the remainder when l is divided by 7?
6
Let x(i) = -5*i**3 - i**2 + 2*i + 2. Let r be x(-1). Suppose -m - r*m = -125. Calculate the remainder when 145/2 + 2/(-4) is divided by m.
22
Let k(r) = r**2 + 2*r. Let f be k(2). Let q(l) = l**2 + 5*l - 11. Let v(x) = 3*x**2 + x + 2. Calculate the remainder when q(f) is divided by v(3).
29
Suppose -3*f + 26 = 2*n, -5*f - 8 = 12. What is the remainder when (89 - -3)*4*(-1)/(-4) is divided by n?
16
Let a be 1/(3/54*1). Let m = -8 + a. What is the remainder when 38*(-1)/4*-2 is divided by m?
9
Let i(b) = -b**3 - 5*b**2. Let z be i(-5). Suppose z = -2*f + f + 18. What is the remainder when 28/(-21) - (-489)/9 is di